{"id":4593,"date":"2018-03-23T09:24:19","date_gmt":"2018-03-23T15:24:19","guid":{"rendered":"http:\/\/allamerican.travel\/elsalvador\/allamerican\/?page_id=4593"},"modified":"2022-02-23T09:05:39","modified_gmt":"2022-02-23T15:05:39","slug":"planes-corporativos","status":"publish","type":"page","link":"https:\/\/allamerican.travel\/elsalvador\/planes-corporativos\/","title":{"rendered":"PLANES CORPORATIVOS"},"content":{"rendered":"<p>[vc_row][vc_column][vc_empty_space height=\u00bb40px\u00bb][\/vc_column][\/vc_row][vc_row][vc_column width=\u00bb1\/3&#8243;]\n\n\n      <!--start image-->\n        <div class=\"nicdark_focus nicdark_border_grey nicdark_sizing nicdark_relative nicdark_fadeinout nicdark_overflow\">    \n\n            <img alt=\"\" class=\"nicdark_focus nicdark_zoom_image\" src=\"https:\/\/allamerican.travel\/elsalvador\/wp-content\/uploads\/2019\/06\/corporativo1.jpg\">\n            \n            <!--start content-->\n            <div class=\"nicdark_fadeout nicdark_filter nicdark_absolute nicdark_height100percentage nicdark_width_percentage100\">\n                <div class=\"nicdark_absolute nicdark_display_table nicdark_width_percentage100\">\n                    <div class=\"nicdark_cell nicdark_vertical_middle\">\n                        <!--<a class=\"nicdark_btn nicdark_bg_white grey medium\"><\/a>-->\n                    <\/div>   \n                <\/div>   \n            <\/div>\n            <!--end content-->\n\n\n            <!--start content-->\n            <div class=\"nicdark_fadein nicdark_filter greydark nicdark_absolute nicdark_height100percentage nicdark_width_percentage100\">\n                <div class=\"nicdark_absolute nicdark_display_table nicdark_height100percentage nicdark_width_percentage100\">\n                    <div class=\"nicdark_cell nicdark_vertical_middle\">\n                        <p class=\"white\"><\/p>\n                        <div class=\"nicdark_space20\"><\/div>\n                        <a target=\"\" href=\"http:\/\/allamerican.travel\/elsalvador\/allamerican\/contacts\/\" class=\"white nicdark_btn nicdark_border_white medium\">INFO<\/a>\n                    <\/div>   \n                <\/div>   \n            <\/div>\n            <!--end content-->\n\n        <\/div>\n        <!--end image-->\n\n\n   [\/vc_column][vc_column width=\u00bb1\/3&#8243;]\n\n\n      <!--start image-->\n        <div class=\"nicdark_focus nicdark_border_grey nicdark_sizing nicdark_relative nicdark_fadeinout nicdark_overflow\">    \n\n            <img alt=\"\" class=\"nicdark_focus nicdark_zoom_image\" src=\"https:\/\/allamerican.travel\/elsalvador\/wp-content\/uploads\/2018\/03\/corporativo2.jpg\">\n            \n            <!--start content-->\n            <div class=\"nicdark_fadeout nicdark_filter nicdark_absolute nicdark_height100percentage nicdark_width_percentage100\">\n                <div class=\"nicdark_absolute nicdark_display_table nicdark_width_percentage100\">\n                    <div class=\"nicdark_cell nicdark_vertical_middle\">\n                        <!--<a class=\"nicdark_btn nicdark_bg_white grey medium\"><\/a>-->\n                    <\/div>   \n                <\/div>   \n            <\/div>\n            <!--end content-->\n\n\n            <!--start content-->\n            <div class=\"nicdark_fadein nicdark_filter greydark nicdark_absolute nicdark_height100percentage nicdark_width_percentage100\">\n                <div class=\"nicdark_absolute nicdark_display_table nicdark_height100percentage nicdark_width_percentage100\">\n                    <div class=\"nicdark_cell nicdark_vertical_middle\">\n                        <p class=\"white\"><\/p>\n                        <div class=\"nicdark_space20\"><\/div>\n                        <a target=\"\" href=\"http:\/\/allamerican.travel\/elsalvador\/allamerican\/contacts\/\" class=\"white nicdark_btn nicdark_border_white medium\">INFO<\/a>\n                    <\/div>   \n                <\/div>   \n            <\/div>\n            <!--end content-->\n\n        <\/div>\n        <!--end image-->\n\n\n   [\/vc_column][vc_column width=\u00bb1\/3&#8243;]\n\n\n      <!--start image-->\n        <div class=\"nicdark_focus nicdark_border_grey nicdark_sizing nicdark_relative nicdark_fadeinout nicdark_overflow\">    \n\n            <img alt=\"\" class=\"nicdark_focus nicdark_zoom_image\" src=\"https:\/\/allamerican.travel\/elsalvador\/wp-content\/uploads\/2018\/03\/corporativo3.jpg\">\n            \n            <!--start content-->\n            <div class=\"nicdark_fadeout nicdark_filter nicdark_absolute nicdark_height100percentage nicdark_width_percentage100\">\n                <div class=\"nicdark_absolute nicdark_display_table nicdark_width_percentage100\">\n                    <div class=\"nicdark_cell nicdark_vertical_middle\">\n                        <!--<a class=\"nicdark_btn nicdark_bg_white grey medium\"><\/a>-->\n                    <\/div>   \n                <\/div>   \n            <\/div>\n            <!--end content-->\n\n\n            <!--start content-->\n            <div class=\"nicdark_fadein nicdark_filter greydark nicdark_absolute nicdark_height100percentage nicdark_width_percentage100\">\n                <div class=\"nicdark_absolute nicdark_display_table nicdark_height100percentage nicdark_width_percentage100\">\n                    <div class=\"nicdark_cell nicdark_vertical_middle\">\n                        <p class=\"white\"><\/p>\n                        <div class=\"nicdark_space20\"><\/div>\n                        <a target=\"\" href=\"http:\/\/allamerican.travel\/elsalvador\/allamerican\/contacts\/\" class=\"white nicdark_btn nicdark_border_white medium\">INFO<\/a>\n                    <\/div>   \n                <\/div>   \n            <\/div>\n            <!--end content-->\n\n        <\/div>\n        <!--end image-->\n\n\n   [\/vc_column][\/vc_row][vc_row][vc_column][vc_empty_space height=\u00bb45px\u00bb][vc_column_text css=\u00bb.vc_custom_1615325974769{padding-top: 10px !important;padding-right: 10px !important;padding-bottom: 10px !important;padding-left: 10px !important;background-color: #e0e0e0 !important;}\u00bb]<\/p>\n<p style=\"text-align: justify;\"><span style=\"color: #000000;\">Nuestros 20 a\u00f1os de experiencia nos permiten ofrecerle planes corporativos con los mejores beneficios del mercado. Ofrecemos opciones con <a href=\"https:\/\/perubahannews.com\/2020\/09\/23\/ruu-mk-mencederai-semangat-reformasi\/\">today<\/a> las aerol\u00edneas y nos adaptamos a las necesidades de su empresa. Ofrecemos una atenci\u00f3n personalizada a la hora y momento en que se necesite.<\/span><\/p>\n<p style=\"text-align: justify;\"><span style=\"color: #000000;\">Contamos con 10 sucursales a nivel nacional y somos la \u00fanica agencia con presencia en Guatemala y Honduras, convirti\u00e9ndonos en la agencia con la red de distribuci\u00f3n m\u00e1s grande. Contamos con nuestro propio departamento de tour operador que nos facilita la oferta de estos productos a un mejor precio y a cualquier parte del mundo.<\/span><\/p>\n<p>[\/vc_column_text][\/vc_column][\/vc_row][vc_row][vc_column][vc_empty_space height=\u00bb40px\u00bb][vc_single_image image=\u00bb4608&#8243; img_size=\u00bbfull\u00bb][vc_empty_space][\/vc_column][\/vc_row]<\/p>\n","protected":false},"excerpt":{"rendered":"<p>[vc_row][vc_column][vc_empty_space height=\u00bb40px\u00bb][\/vc_column][\/vc_row][vc_row][vc_column width=\u00bb1\/3&#8243;][\/vc_column][vc_column width=\u00bb1\/3&#8243;][\/vc_column][vc_column width=\u00bb1\/3&#8243;][\/vc_column][\/vc_row][vc_row][vc_column][vc_empty_space height=\u00bb45px\u00bb][vc_column_text css=\u00bb.vc_custom_1615325974769{padding-top: 10px !important;padding-right: 10px !important;padding-bottom: 10px !important;padding-left: 10px !important;background-color: #e0e0e0 !important;}\u00bb] Nuestros 20 a\u00f1os de experiencia nos permiten ofrecerle planes corporativos con los mejores beneficios del mercado. Ofrecemos opciones con today las aerol\u00edneas y nos adaptamos a las necesidades de su empresa. Ofrecemos una atenci\u00f3n personalizada a la hora &#8230;<\/p>\n","protected":false},"author":1,"featured_media":0,"parent":0,"menu_order":0,"comment_status":"closed","ping_status":"closed","template":"","meta":[],"_links":{"self":[{"href":"https:\/\/allamerican.travel\/elsalvador\/wp-json\/wp\/v2\/pages\/4593"}],"collection":[{"href":"https:\/\/allamerican.travel\/elsalvador\/wp-json\/wp\/v2\/pages"}],"about":[{"href":"https:\/\/allamerican.travel\/elsalvador\/wp-json\/wp\/v2\/types\/page"}],"author":[{"embeddable":true,"href":"https:\/\/allamerican.travel\/elsalvador\/wp-json\/wp\/v2\/users\/1"}],"replies":[{"embeddable":true,"href":"https:\/\/allamerican.travel\/elsalvador\/wp-json\/wp\/v2\/comments?post=4593"}],"version-history":[{"count":7,"href":"https:\/\/allamerican.travel\/elsalvador\/wp-json\/wp\/v2\/pages\/4593\/revisions"}],"predecessor-version":[{"id":7459,"href":"https:\/\/allamerican.travel\/elsalvador\/wp-json\/wp\/v2\/pages\/4593\/revisions\/7459"}],"wp:attachment":[{"href":"https:\/\/allamerican.travel\/elsalvador\/wp-json\/wp\/v2\/media?parent=4593"}],"curies":[{"name":"wp","href":"https:\/\/api.w.org\/{rel}","templated":true}]}}