{"id":7139,"date":"2021-02-19T11:51:58","date_gmt":"2021-02-19T17:51:58","guid":{"rendered":"https:\/\/allamerican.travel\/elsalvador\/?page_id=7139"},"modified":"2021-02-25T16:36:25","modified_gmt":"2021-02-25T22:36:25","slug":"semana-santa-2021","status":"publish","type":"page","link":"https:\/\/allamerican.travel\/elsalvador\/semana-santa-2021\/","title":{"rendered":"SEMANA SANTA 2021"},"content":{"rendered":"<p>[vc_row][vc_column][vc_empty_space height=\u00bb60px\u00bb][\/vc_column][\/vc_row][vc_row][vc_column width=\u00bb1\/3&#8243;]<div class=\"nicdark_masonry_container\">\n\n<!--start preview-->\n<div id=\"7131\" class=\"grid grid_12 percentage nicdark_masonry_item nicdark_padding10 nicdark_sizing\">\n    <div class=\"nicdark_archive1 nicdark_bg_white nicdark_border_grey nicdark_sizing \">\n\n\n        <!--start image-->\n        <div class=\"nicdark_focus nicdark_relative nicdark_fadeinout nicdark_overflow\">    \n\n            <img alt=\"\" class=\"nicdark_focus nicdark_zoom_image\" src=\"https:\/\/allamerican.travel\/elsalvador\/wp-content\/uploads\/2021\/02\/Miami_05_Mesa-de-trabajo-1-1024x576.jpg\">\n\n            \n            <!--price-->\n            <div class=\"nicdark_fadeout nicdark_absolute nicdark_height100percentage nicdark_width_percentage100\">  \n                <a href=\"https:\/\/allamerican.travel\/elsalvador\/packages\/miami-shopping\/\" class=\"nicdark_btn nicdark_bg_yellow left white medium\">Desde $617<\/a>\n            <\/div>\n            <!--end price-->\n\n\n            <!--start content-->\n            <div class=\"nicdark_fadein nicdark_filter greydark nicdark_absolute nicdark_height100percentage nicdark_width_percentage100\">\n                <div class=\"nicdark_absolute nicdark_display_table nicdark_height100percentage nicdark_width_percentage100\">\n                    <div class=\"nicdark_cell nicdark_vertical_middle\">\n                        <a href=\"https:\/\/allamerican.travel\/elsalvador\/packages\/miami-shopping\/\" class=\"nicdark_btn nicdark_border_white white medium\">INFO<\/a>\n                    <\/div>   \n                <\/div>   \n            <\/div>\n            <!--end content-->\n\n        <\/div>\n        <!--end image-->\n\n\n        <div class=\"nicdark_textevidence nicdark_bg_yellow\">\n            <h4 class=\"white nicdark_margin20\">MIAMI SHOPPING<\/h4>\n        <\/div>\n\n\n        <div class=\"nicdark_focus nicdark_bg_greydark2\">\n            <div class=\"nicdark_bg_greydark nicdark_focus nicdark_padding1020 nicdark_sizing nicdark_width_percentage50\">\n                <p class=\"white\"><i class=\"icon-direction\"><\/i> Miami <\/p>\n            <\/div>\n            <div class=\"nicdark_focus nicdark_padding1020 nicdark_sizing nicdark_width_percentage50\">\n                <p class=\"white\"><i class=\"icon-info\"><\/i> Semana Santa <\/p>\n            <\/div>\n        <\/div>\n        \n        <div class=\"nicdark_margin20\">\n            <p>Disfruta uno de los destinos m\u00e1s tur\u00edsticos de Estados Unidos con sus playas, centros comerciales, edificios y comida. Miami es la combinaci\u00f3n perfecta para unas vacaciones. <\/p>\n            <div class=\"nicdark_space20\"><\/div><a href=\"https:\/\/allamerican.travel\/elsalvador\/packages\/miami-shopping\/\" class=\"nicdark_border_grey grey nicdark_btn nicdark_outline medium \">INFO<\/a>  \n        <\/div>\n\n    <\/div>\n<\/div>\n<!--end prev-->\n\n<\/div>[\/vc_column][vc_column width=\u00bb1\/3&#8243;]<div class=\"nicdark_masonry_container\">\n\n<!--start preview-->\n<div id=\"7143\" class=\"grid grid_12 percentage nicdark_masonry_item nicdark_padding10 nicdark_sizing\">\n    <div class=\"nicdark_archive1 nicdark_bg_white nicdark_border_grey nicdark_sizing \">\n\n\n        <!--start image-->\n        <div class=\"nicdark_focus nicdark_relative nicdark_fadeinout nicdark_overflow\">    \n\n            <img alt=\"\" class=\"nicdark_focus nicdark_zoom_image\" src=\"https:\/\/allamerican.travel\/elsalvador\/wp-content\/uploads\/2021\/02\/bogota_14_Mesa-de-trabajo-1-1-1024x576.jpg\">\n\n            \n            <!--price-->\n            <div class=\"nicdark_fadeout nicdark_absolute nicdark_height100percentage nicdark_width_percentage100\">  \n                <a href=\"https:\/\/allamerican.travel\/elsalvador\/packages\/bogota-vacaciones\/\" class=\"nicdark_btn nicdark_bg_yellow left white medium\">Desde  $139<\/a>\n            <\/div>\n            <!--end price-->\n\n\n            <!--start content-->\n            <div class=\"nicdark_fadein nicdark_filter greydark nicdark_absolute nicdark_height100percentage nicdark_width_percentage100\">\n                <div class=\"nicdark_absolute nicdark_display_table nicdark_height100percentage nicdark_width_percentage100\">\n                    <div class=\"nicdark_cell nicdark_vertical_middle\">\n                        <a href=\"https:\/\/allamerican.travel\/elsalvador\/packages\/bogota-vacaciones\/\" class=\"nicdark_btn nicdark_border_white white medium\">INFO<\/a>\n                    <\/div>   \n                <\/div>   \n            <\/div>\n            <!--end content-->\n\n        <\/div>\n        <!--end image-->\n\n\n        <div class=\"nicdark_textevidence nicdark_bg_yellow\">\n            <h4 class=\"white nicdark_margin20\">BOGOT\u00c1 VACACIONES<\/h4>\n        <\/div>\n\n\n        <div class=\"nicdark_focus nicdark_bg_greydark2\">\n            <div class=\"nicdark_bg_greydark nicdark_focus nicdark_padding1020 nicdark_sizing nicdark_width_percentage50\">\n                <p class=\"white\"><i class=\"icon-direction\"><\/i> Colombia <\/p>\n            <\/div>\n            <div class=\"nicdark_focus nicdark_padding1020 nicdark_sizing nicdark_width_percentage50\">\n                <p class=\"white\"><i class=\"icon-info\"><\/i> Semana Santa <\/p>\n            <\/div>\n        <\/div>\n        \n        <div class=\"nicdark_margin20\">\n            <p>Bogot\u00e1, una ciudad espectacular que te invita a que disfrutes su clima, su gastronom\u00eda y sus paisajes verdes. Disfruta el centro hist\u00f3rico y cultural de Bogot\u00e1, el cerro Monserrate y la Catedral de sal.<\/p>\n            <div class=\"nicdark_space20\"><\/div><a href=\"https:\/\/allamerican.travel\/elsalvador\/packages\/bogota-vacaciones\/\" class=\"nicdark_border_grey grey nicdark_btn nicdark_outline medium \">INFO<\/a>  \n        <\/div>\n\n    <\/div>\n<\/div>\n<!--end prev-->\n\n<\/div>[\/vc_column][vc_column width=\u00bb1\/3&#8243;]<div class=\"nicdark_masonry_container\">\n\n<!--start preview-->\n<div id=\"7148\" class=\"grid grid_12 percentage nicdark_masonry_item nicdark_padding10 nicdark_sizing\">\n    <div class=\"nicdark_archive1 nicdark_bg_white nicdark_border_grey nicdark_sizing \">\n\n\n        <!--start image-->\n        <div class=\"nicdark_focus nicdark_relative nicdark_fadeinout nicdark_overflow\">    \n\n            <img alt=\"\" class=\"nicdark_focus nicdark_zoom_image\" src=\"https:\/\/allamerican.travel\/elsalvador\/wp-content\/uploads\/2021\/02\/Decameron_Panam\u00e1_05_Mesa-de-trabajo-1-1024x576.jpg\">\n\n            \n            <!--price-->\n            <div class=\"nicdark_fadeout nicdark_absolute nicdark_height100percentage nicdark_width_percentage100\">  \n                <a href=\"https:\/\/allamerican.travel\/elsalvador\/packages\/panama-ciudad-y-playa\/\" class=\"nicdark_btn nicdark_bg_yellow left white medium\">Desde $437<\/a>\n            <\/div>\n            <!--end price-->\n\n\n            <!--start content-->\n            <div class=\"nicdark_fadein nicdark_filter greydark nicdark_absolute nicdark_height100percentage nicdark_width_percentage100\">\n                <div class=\"nicdark_absolute nicdark_display_table nicdark_height100percentage nicdark_width_percentage100\">\n                    <div class=\"nicdark_cell nicdark_vertical_middle\">\n                        <a href=\"https:\/\/allamerican.travel\/elsalvador\/packages\/panama-ciudad-y-playa\/\" class=\"nicdark_btn nicdark_border_white white medium\">INFO<\/a>\n                    <\/div>   \n                <\/div>   \n            <\/div>\n            <!--end content-->\n\n        <\/div>\n        <!--end image-->\n\n\n        <div class=\"nicdark_textevidence nicdark_bg_yellow\">\n            <h4 class=\"white nicdark_margin20\">PANAM\u00c1 CIUDAD Y PLAYA<\/h4>\n        <\/div>\n\n\n        <div class=\"nicdark_focus nicdark_bg_greydark2\">\n            <div class=\"nicdark_bg_greydark nicdark_focus nicdark_padding1020 nicdark_sizing nicdark_width_percentage50\">\n                <p class=\"white\"><i class=\"icon-direction\"><\/i> Panam\u00e1 <\/p>\n            <\/div>\n            <div class=\"nicdark_focus nicdark_padding1020 nicdark_sizing nicdark_width_percentage50\">\n                <p class=\"white\"><i class=\"icon-info\"><\/i> Semana Santa <\/p>\n            <\/div>\n        <\/div>\n        \n        <div class=\"nicdark_margin20\">\n            <p>Disfruta el mejor resort todo incluido de Panam\u00e1 con Decameron Golf & Resort en ciudad paname\u00f1a. El lugar perfecto para disfrutar unas vacaciones en la playa. <\/p>\n            <div class=\"nicdark_space20\"><\/div><a href=\"https:\/\/allamerican.travel\/elsalvador\/packages\/panama-ciudad-y-playa\/\" class=\"nicdark_border_grey grey nicdark_btn nicdark_outline medium \">INFO<\/a>  \n        <\/div>\n\n    <\/div>\n<\/div>\n<!--end prev-->\n\n<\/div>[\/vc_column][\/vc_row][vc_row][vc_column width=\u00bb1\/3&#8243;]<div class=\"nicdark_masonry_container\">\n\n<!--start preview-->\n<div id=\"7160\" class=\"grid grid_12 percentage nicdark_masonry_item nicdark_padding10 nicdark_sizing\">\n    <div class=\"nicdark_archive1 nicdark_bg_white nicdark_border_grey nicdark_sizing \">\n\n\n        <!--start image-->\n        <div class=\"nicdark_focus nicdark_relative nicdark_fadeinout nicdark_overflow\">    \n\n            <img alt=\"\" class=\"nicdark_focus nicdark_zoom_image\" src=\"https:\/\/allamerican.travel\/elsalvador\/wp-content\/uploads\/2021\/02\/Roatan_vacaciones_Mesa-de-trabajo-1-1024x576.jpg\">\n\n            \n            <!--price-->\n            <div class=\"nicdark_fadeout nicdark_absolute nicdark_height100percentage nicdark_width_percentage100\">  \n                <a href=\"https:\/\/allamerican.travel\/elsalvador\/packages\/roatan-vacaciones\/\" class=\"nicdark_btn nicdark_bg_yellow left white medium\">Desde $589<\/a>\n            <\/div>\n            <!--end price-->\n\n\n            <!--start content-->\n            <div class=\"nicdark_fadein nicdark_filter greydark nicdark_absolute nicdark_height100percentage nicdark_width_percentage100\">\n                <div class=\"nicdark_absolute nicdark_display_table nicdark_height100percentage nicdark_width_percentage100\">\n                    <div class=\"nicdark_cell nicdark_vertical_middle\">\n                        <a href=\"https:\/\/allamerican.travel\/elsalvador\/packages\/roatan-vacaciones\/\" class=\"nicdark_btn nicdark_border_white white medium\">INFO<\/a>\n                    <\/div>   \n                <\/div>   \n            <\/div>\n            <!--end content-->\n\n        <\/div>\n        <!--end image-->\n\n\n        <div class=\"nicdark_textevidence nicdark_bg_yellow\">\n            <h4 class=\"white nicdark_margin20\">ROAT\u00c1N VACACIONES<\/h4>\n        <\/div>\n\n\n        <div class=\"nicdark_focus nicdark_bg_greydark2\">\n            <div class=\"nicdark_bg_greydark nicdark_focus nicdark_padding1020 nicdark_sizing nicdark_width_percentage50\">\n                <p class=\"white\"><i class=\"icon-direction\"><\/i> Roat\u00e1n <\/p>\n            <\/div>\n            <div class=\"nicdark_focus nicdark_padding1020 nicdark_sizing nicdark_width_percentage50\">\n                <p class=\"white\"><i class=\"icon-info\"><\/i> Semana Santa <\/p>\n            <\/div>\n        <\/div>\n        \n        <div class=\"nicdark_margin20\">\n            <p>El caribe centroamericano se representa en Roat\u00e1n. Disfruta tus vacaciones en uno de los destinos preferidos de toda Centroam\u00e9rica. Un paquete completo con prueba Covid incluida. <\/p>\n            <div class=\"nicdark_space20\"><\/div><a href=\"https:\/\/allamerican.travel\/elsalvador\/packages\/roatan-vacaciones\/\" class=\"nicdark_border_grey grey nicdark_btn nicdark_outline medium \">INFO<\/a>  \n        <\/div>\n\n    <\/div>\n<\/div>\n<!--end prev-->\n\n<\/div>[\/vc_column][vc_column width=\u00bb1\/3&#8243;]<div class=\"nicdark_masonry_container\">\n\n<!--start preview-->\n<div id=\"7175\" class=\"grid grid_12 percentage nicdark_masonry_item nicdark_padding10 nicdark_sizing\">\n    <div class=\"nicdark_archive1 nicdark_bg_white nicdark_border_grey nicdark_sizing \">\n\n\n        <!--start image-->\n        <div class=\"nicdark_focus nicdark_relative nicdark_fadeinout nicdark_overflow\">    \n\n            <img alt=\"\" class=\"nicdark_focus nicdark_zoom_image\" src=\"https:\/\/allamerican.travel\/elsalvador\/wp-content\/uploads\/2021\/02\/paquete_terrestre_san_jose_06_Mesa-de-trabajo-1-1024x576.jpg\">\n\n            \n            <!--price-->\n            <div class=\"nicdark_fadeout nicdark_absolute nicdark_height100percentage nicdark_width_percentage100\">  \n                <a href=\"https:\/\/allamerican.travel\/elsalvador\/packages\/san-jose-cr\/\" class=\"nicdark_btn nicdark_bg_yellow left white medium\">Desde $306<\/a>\n            <\/div>\n            <!--end price-->\n\n\n            <!--start content-->\n            <div class=\"nicdark_fadein nicdark_filter greydark nicdark_absolute nicdark_height100percentage nicdark_width_percentage100\">\n                <div class=\"nicdark_absolute nicdark_display_table nicdark_height100percentage nicdark_width_percentage100\">\n                    <div class=\"nicdark_cell nicdark_vertical_middle\">\n                        <a href=\"https:\/\/allamerican.travel\/elsalvador\/packages\/san-jose-cr\/\" class=\"nicdark_btn nicdark_border_white white medium\">INFO<\/a>\n                    <\/div>   \n                <\/div>   \n            <\/div>\n            <!--end content-->\n\n        <\/div>\n        <!--end image-->\n\n\n        <div class=\"nicdark_textevidence nicdark_bg_yellow\">\n            <h4 class=\"white nicdark_margin20\">SAN JOS\u00c9 CR<\/h4>\n        <\/div>\n\n\n        <div class=\"nicdark_focus nicdark_bg_greydark2\">\n            <div class=\"nicdark_bg_greydark nicdark_focus nicdark_padding1020 nicdark_sizing nicdark_width_percentage50\">\n                <p class=\"white\"><i class=\"icon-direction\"><\/i> San Jos\u00e9 <\/p>\n            <\/div>\n            <div class=\"nicdark_focus nicdark_padding1020 nicdark_sizing nicdark_width_percentage50\">\n                <p class=\"white\"><i class=\"icon-info\"><\/i> Semana Santa <\/p>\n            <\/div>\n        <\/div>\n        \n        <div class=\"nicdark_margin20\">\n            <p>Disfruta de una de las ciudades m\u00e1s importantes de Centroam\u00e9rica. San Jos\u00e9, la capital de Costa Rica ofrece un viaje lleno de mucha cultura y aprendizaje con su gran cantidad de museos y plazas. <\/p>\n            <div class=\"nicdark_space20\"><\/div><a href=\"https:\/\/allamerican.travel\/elsalvador\/packages\/san-jose-cr\/\" class=\"nicdark_border_grey grey nicdark_btn nicdark_outline medium \">INFO<\/a>  \n        <\/div>\n\n    <\/div>\n<\/div>\n<!--end prev-->\n\n<\/div>[\/vc_column][vc_column width=\u00bb1\/3&#8243;]<div class=\"nicdark_masonry_container\">\n\n<!--start preview-->\n<div id=\"7180\" class=\"grid grid_12 percentage nicdark_masonry_item nicdark_padding10 nicdark_sizing\">\n    <div class=\"nicdark_archive1 nicdark_bg_white nicdark_border_grey nicdark_sizing \">\n\n\n        <!--start image-->\n        <div class=\"nicdark_focus nicdark_relative nicdark_fadeinout nicdark_overflow\">    \n\n            <img alt=\"\" class=\"nicdark_focus nicdark_zoom_image\" src=\"https:\/\/allamerican.travel\/elsalvador\/wp-content\/uploads\/2021\/02\/cartagena_vacaciones_semanas_santa12_Mesa-de-trabajo-1-1024x576.jpg\">\n\n            \n            <!--price-->\n            <div class=\"nicdark_fadeout nicdark_absolute nicdark_height100percentage nicdark_width_percentage100\">  \n                <a href=\"https:\/\/allamerican.travel\/elsalvador\/packages\/cartagena\/\" class=\"nicdark_btn nicdark_bg_yellow left white medium\">Desde $148<\/a>\n            <\/div>\n            <!--end price-->\n\n\n            <!--start content-->\n            <div class=\"nicdark_fadein nicdark_filter greydark nicdark_absolute nicdark_height100percentage nicdark_width_percentage100\">\n                <div class=\"nicdark_absolute nicdark_display_table nicdark_height100percentage nicdark_width_percentage100\">\n                    <div class=\"nicdark_cell nicdark_vertical_middle\">\n                        <a href=\"https:\/\/allamerican.travel\/elsalvador\/packages\/cartagena\/\" class=\"nicdark_btn nicdark_border_white white medium\">INFO <\/a>\n                    <\/div>   \n                <\/div>   \n            <\/div>\n            <!--end content-->\n\n        <\/div>\n        <!--end image-->\n\n\n        <div class=\"nicdark_textevidence nicdark_bg_yellow\">\n            <h4 class=\"white nicdark_margin20\">CARTAGENA<\/h4>\n        <\/div>\n\n\n        <div class=\"nicdark_focus nicdark_bg_greydark2\">\n            <div class=\"nicdark_bg_greydark nicdark_focus nicdark_padding1020 nicdark_sizing nicdark_width_percentage50\">\n                <p class=\"white\"><i class=\"icon-direction\"><\/i> Colombia <\/p>\n            <\/div>\n            <div class=\"nicdark_focus nicdark_padding1020 nicdark_sizing nicdark_width_percentage50\">\n                <p class=\"white\"><i class=\"icon-info\"><\/i> Semana Santa <\/p>\n            <\/div>\n        <\/div>\n        \n        <div class=\"nicdark_margin20\">\n            <p>Enam\u00f3rate de la ciudad amurallada de Cartagena y vive unas vacaciones diferentes en la ciudad Colombiana. Conoce la Torre del Reloj, la Catedral de San Pedro y m\u00e1s.<\/p>\n            <div class=\"nicdark_space20\"><\/div><a href=\"https:\/\/allamerican.travel\/elsalvador\/packages\/cartagena\/\" class=\"nicdark_border_grey grey nicdark_btn nicdark_outline medium \">INFO <\/a>  \n        <\/div>\n\n    <\/div>\n<\/div>\n<!--end prev-->\n\n<\/div>[\/vc_column][\/vc_row][vc_row][vc_column width=\u00bb1\/3&#8243;][\/vc_column][vc_column width=\u00bb1\/3&#8243;][\/vc_column][vc_column width=\u00bb1\/3&#8243;][\/vc_column][\/vc_row]<\/p>\n","protected":false},"excerpt":{"rendered":"<p>[vc_row][vc_column][vc_empty_space height=\u00bb60px\u00bb][\/vc_column][\/vc_row][vc_row][vc_column width=\u00bb1\/3&#8243;][\/vc_column][vc_column width=\u00bb1\/3&#8243;][\/vc_column][vc_column width=\u00bb1\/3&#8243;][\/vc_column][\/vc_row][vc_row][vc_column width=\u00bb1\/3&#8243;][\/vc_column][vc_column width=\u00bb1\/3&#8243;][\/vc_column][vc_column width=\u00bb1\/3&#8243;][\/vc_column][\/vc_row][vc_row][vc_column width=\u00bb1\/3&#8243;][\/vc_column][vc_column width=\u00bb1\/3&#8243;][\/vc_column][vc_column width=\u00bb1\/3&#8243;][\/vc_column][\/vc_row]<\/p>\n","protected":false},"author":1,"featured_media":0,"parent":0,"menu_order":0,"comment_status":"closed","ping_status":"closed","template":"","meta":[],"_links":{"self":[{"href":"https:\/\/allamerican.travel\/elsalvador\/wp-json\/wp\/v2\/pages\/7139"}],"collection":[{"href":"https:\/\/allamerican.travel\/elsalvador\/wp-json\/wp\/v2\/pages"}],"about":[{"href":"https:\/\/allamerican.travel\/elsalvador\/wp-json\/wp\/v2\/types\/page"}],"author":[{"embeddable":true,"href":"https:\/\/allamerican.travel\/elsalvador\/wp-json\/wp\/v2\/users\/1"}],"replies":[{"embeddable":true,"href":"https:\/\/allamerican.travel\/elsalvador\/wp-json\/wp\/v2\/comments?post=7139"}],"version-history":[{"count":9,"href":"https:\/\/allamerican.travel\/elsalvador\/wp-json\/wp\/v2\/pages\/7139\/revisions"}],"predecessor-version":[{"id":7183,"href":"https:\/\/allamerican.travel\/elsalvador\/wp-json\/wp\/v2\/pages\/7139\/revisions\/7183"}],"wp:attachment":[{"href":"https:\/\/allamerican.travel\/elsalvador\/wp-json\/wp\/v2\/media?parent=7139"}],"curies":[{"name":"wp","href":"https:\/\/api.w.org\/{rel}","templated":true}]}}