{"id":7993,"date":"2026-08-27T12:59:27","date_gmt":"2026-08-27T18:59:27","guid":{"rendered":"https:\/\/allamerican.travel\/elsalvador\/?page_id=7993"},"modified":"2026-08-27T15:54:04","modified_gmt":"2026-08-27T21:54:04","slug":"renta-de-autos-el-salvador","status":"publish","type":"page","link":"https:\/\/allamerican.travel\/elsalvador\/renta-de-autos-el-salvador\/","title":{"rendered":"RENTA DE AUTOS"},"content":{"rendered":"<p>[vc_row equal_height=\u00bbyes\u00bb][vc_column width=\u00bb1\/2&#8243;][vc_empty_space height=\u00bb30px\u00bb][vc_column_text css=\u00bb.vc_custom_1787861772881{background-color: #3c9108 !important;}\u00bb]<\/p>\n<p style=\"text-align: center;\"><span style=\"color: #ffffff;\">RENTA SELF DRIVE<\/span><\/p>\n<p>[\/vc_column_text][vc_single_image image=\u00bb7996&#8243; img_size=\u00bblarge\u00bb add_caption=\u00bbyes\u00bb alignment=\u00bbcenter\u00bb style=\u00bbvc_box_rounded\u00bb onclick=\u00bblink_image\u00bb css=\u00bb.vc_custom_1787862000771{background-color: #f9f9f9 !important;}\u00bb][vc_empty_space height=\u00bb35px\u00bb][vc_column_text]<\/p>\n<p id=\"p-rc_bec0ab9ad14f3160-50\" data-path-to-node=\"0\">El servicio de renta de auto brinda a los turistas independencia y flexibilidad para recorrer el pa\u00eds a su propio ritmo, aprovechando las distancias cortas entre playa, monta\u00f1a y ciudad.<\/p>\n<p data-path-to-node=\"0\">Alquila el tipo de veh\u00edculo que m\u00e1s se adec\u00fae a tus necesidades, desde un sed\u00e1n compacto hasta una camioneta 4X4.<\/p>\n<p>[\/vc_column_text][\/vc_column][vc_column width=\u00bb1\/2&#8243;][vc_empty_space height=\u00bb30px\u00bb][vc_column_text css=\u00bb.vc_custom_1787862041913{background-color: #3c9108 !important;}\u00bb]<\/p>\n<p style=\"text-align: center;\"><span style=\"color: #ffffff;\">RENTA CON CHOFER<\/span><\/p>\n<p>[\/vc_column_text][vc_single_image image=\u00bb7997&#8243; img_size=\u00bblarge\u00bb add_caption=\u00bbyes\u00bb alignment=\u00bbcenter\u00bb style=\u00bbvc_box_rounded\u00bb onclick=\u00bblink_image\u00bb css=\u00bb.vc_custom_1787862060142{background-color: #f9f9f9 !important;}\u00bb][vc_empty_space height=\u00bb35px\u00bb][vc_column_text]Mu\u00e9vete de un lugar a otro con total libertad y sin preocupaciones con el servicio renta de autos con chofer incluido. Un conductor altamente capacitado estar\u00e1 para ti las 24 horas para llevarte al lugar que desees durante tu estad\u00eda en El Salvador.[\/vc_column_text][\/vc_column][\/vc_row][vc_row][vc_column][vc_empty_space height=\u00bb55px\u00bb]<h1 style=\"color:#3c9801;\" class=\" subtitle center\">ESCR\u00cdBENOS PARA M\u00c1S DETALLES<\/h1>[vc_empty_space][vc_btn title=\u00bbWHATSAPP\u00bb style=\u00bbflat\u00bb shape=\u00bbsquare\u00bb color=\u00bbsuccess\u00bb size=\u00bblg\u00bb align=\u00bbcenter\u00bb link=\u00bburl:https%3A%2F%2Fwa.me%2F25223000||\u00bb][\/vc_column][\/vc_row][vc_row][vc_column][\/vc_column][\/vc_row][vc_row][vc_column][\/vc_column][\/vc_row][vc_row][vc_column][\/vc_column][\/vc_row][vc_row][vc_column][\/vc_column][\/vc_row][vc_row][vc_column][\/vc_column][\/vc_row]<\/p>\n","protected":false},"excerpt":{"rendered":"<p>[vc_row equal_height=\u00bbyes\u00bb][vc_column width=\u00bb1\/2&#8243;][vc_empty_space height=\u00bb30px\u00bb][vc_column_text css=\u00bb.vc_custom_1787861772881{background-color: #3c9108 !important;}\u00bb] RENTA SELF DRIVE [\/vc_column_text][vc_single_image image=\u00bb7996&#8243; img_size=\u00bblarge\u00bb add_caption=\u00bbyes\u00bb alignment=\u00bbcenter\u00bb style=\u00bbvc_box_rounded\u00bb onclick=\u00bblink_image\u00bb css=\u00bb.vc_custom_1787862000771{background-color: #f9f9f9 !important;}\u00bb][vc_empty_space height=\u00bb35px\u00bb][vc_column_text] El servicio de renta de auto brinda a los turistas independencia y flexibilidad para recorrer el pa\u00eds a su propio ritmo, aprovechando las distancias cortas entre playa, monta\u00f1a y ciudad. Alquila el tipo de &#8230;<\/p>\n","protected":false},"author":1,"featured_media":0,"parent":0,"menu_order":0,"comment_status":"closed","ping_status":"closed","template":"","meta":[],"_links":{"self":[{"href":"https:\/\/allamerican.travel\/elsalvador\/wp-json\/wp\/v2\/pages\/7993"}],"collection":[{"href":"https:\/\/allamerican.travel\/elsalvador\/wp-json\/wp\/v2\/pages"}],"about":[{"href":"https:\/\/allamerican.travel\/elsalvador\/wp-json\/wp\/v2\/types\/page"}],"author":[{"embeddable":true,"href":"https:\/\/allamerican.travel\/elsalvador\/wp-json\/wp\/v2\/users\/1"}],"replies":[{"embeddable":true,"href":"https:\/\/allamerican.travel\/elsalvador\/wp-json\/wp\/v2\/comments?post=7993"}],"version-history":[{"count":4,"href":"https:\/\/allamerican.travel\/elsalvador\/wp-json\/wp\/v2\/pages\/7993\/revisions"}],"predecessor-version":[{"id":8017,"href":"https:\/\/allamerican.travel\/elsalvador\/wp-json\/wp\/v2\/pages\/7993\/revisions\/8017"}],"wp:attachment":[{"href":"https:\/\/allamerican.travel\/elsalvador\/wp-json\/wp\/v2\/media?parent=7993"}],"curies":[{"name":"wp","href":"https:\/\/api.w.org\/{rel}","templated":true}]}}

<p>[vc_row equal_height=»yes»][vc_column width=»1/2&#8243;][vc_empty_space height=»30px»][vc_column_text css=».vc_custom_1787861772881{background-color: #3c9108 !important;}»]</p>
<p style="text-align: center;"><span style="color: #ffffff;">RENTA SELF DRIVE</span></p>
<p>[/vc_column_text][vc_single_image image=»7996&#8243; img_size=»large» add_caption=»yes» alignment=»center» style=»vc_box_rounded» onclick=»link_image» css=».vc_custom_1787862000771{background-color: #f9f9f9 !important;}»][vc_empty_space height=»35px»][vc_column_text]</p>
<p id="p-rc_bec0ab9ad14f3160-50" data-path-to-node="0">El servicio de renta de auto brinda a los turistas independencia y flexibilidad para recorrer el país a su propio ritmo, aprovechando las distancias cortas entre playa, montaña y ciudad.</p>
<p data-path-to-node="0">Alquila el tipo de vehículo que más se adecúe a tus necesidades, desde un sedán compacto hasta una camioneta 4X4.</p>
<p>[/vc_column_text][/vc_column][vc_column width=»1/2&#8243;][vc_empty_space height=»30px»][vc_column_text css=».vc_custom_1787862041913{background-color: #3c9108 !important;}»]</p>
<p style="text-align: center;"><span style="color: #ffffff;">RENTA CON CHOFER</span></p>
<p>[/vc_column_text][vc_single_image image=»7997&#8243; img_size=»large» add_caption=»yes» alignment=»center» style=»vc_box_rounded» onclick=»link_image» css=».vc_custom_1787862060142{background-color: #f9f9f9 !important;}»][vc_empty_space height=»35px»][vc_column_text]Muévete de un lugar a otro con total libertad y sin preocupaciones con el servicio renta de autos con chofer incluido. Un conductor altamente capacitado estará para ti las 24 horas para llevarte al lugar que desees durante tu estadía en El Salvador.[/vc_column_text][/vc_column][/vc_row][vc_row][vc_column][vc_empty_space height=»55px»]<h1 style="color:#3c9801;" class=" subtitle center">ESCRÍBENOS PARA MÁS DETALLES</h1>[vc_empty_space][vc_btn title=»WHATSAPP» style=»flat» shape=»square» color=»success» size=»lg» align=»center» link=»url:https%3A%2F%2Fwa.me%2F25223000||»][/vc_column][/vc_row][vc_row][vc_column][/vc_column][/vc_row][vc_row][vc_column][/vc_column][/vc_row][vc_row][vc_column][/vc_column][/vc_row][vc_row][vc_column][/vc_column][/vc_row][vc_row][vc_column][/vc_column][/vc_row]</p>

<p>[vc_row equal_height=»yes»][vc_column width=»1/2&#8243;][vc_empty_space height=»30px»][vc_column_text css=».vc_custom_1787861772881{background-color: #3c9108 !important;}»] RENTA SELF DRIVE [/vc_column_text][vc_single_image image=»7996&#8243; img_size=»large» add_caption=»yes» alignment=»center» style=»vc_box_rounded» onclick=»link_image» css=».vc_custom_1787862000771{background-color: #f9f9f9 !important;}»][vc_empty_space height=»35px»][vc_column_text] El servicio de renta de auto brinda a los turistas independencia y flexibilidad para recorrer el país a su propio ritmo, aprovechando las distancias cortas entre playa, montaña y ciudad. Alquila el tipo de &#8230;</p>
