{"id":4547,"date":"2018-03-21T11:34:27","date_gmt":"2018-03-21T17:34:27","guid":{"rendered":"http:\/\/allamerican.travel\/guatemala\/allamerican\/?page_id=4547"},"modified":"2019-06-28T08:21:58","modified_gmt":"2019-06-28T14:21:58","slug":"blog","status":"publish","type":"page","link":"https:\/\/allamerican.travel\/guatemala\/blog\/","title":{"rendered":"BLOG"},"content":{"rendered":"<p>[vc_row][vc_column width=\u00bb2\/3&#8243;][vc_empty_space height=\u00bb20px\u00bb]<div class=\"nicdark_masonry_container 0\">\n\n    <div style=\"box-sizing:border-box;\" class=\"grid grid_12 percentage nicdark_padding10 nicdark_masonry_item  blog  sin-categoria \">\n      \n\n        <div class=\"nicdark_textevidence nicdark_bg_orange\">\n            <h4 class=\"white nicdark_margin20\">CONSEJOS PARA DORMIR EN EL AVI\u00d3N<\/h4>\n        <\/div>\n        <div class=\"nicdark_featured_image\"><img alt=\"\" src=\"https:\/\/allamerican.travel\/guatemala\/wp-content\/uploads\/2019\/12\/consejos_dormir_avion-01-1024x576.jpg\"><\/div>\n        <div class=\"nicdark_focus nicdark_bg_greydark2\">\n            \n            <div class=\"nicdark_focus nicdark_padding1020 nicdark_sizing nicdark_width_percentage50\">\n                <p class=\"white\"><i class=\"icon-chat\"><\/i> No hay Comentarios<\/p>\n            <\/div>\n        <\/div>\n        <div class=\"nicdark_focus nicdark_border_grey nicdark_sizing nicdark_padding20\">\n            <p>[vc_row][vc_column][vc_empty_space][vc_empty_space height=\u00bb40px\u00bb][\/vc_column][\/vc_row][vc_row][vc_column width=\u00bb2\/3&#8243;][vc_column_text css=\u00bb.vc_custom_1577717202542{padding-top: 20px !important;padding-right: 20px !important;padding-bottom: 20px !important;padding-left: 20px !important;background-color: #f1f1f1 !important;}\u00bb]Nos enfrentamos a un viaje largo, posiblemente sea en horas de madrugada o en la noche y lo normal es que estuvi\u00e9ramos durmiendo c\u00f3modamente en nuestra cama. \u00bfIntentas dormir en el avi\u00f3n pero no lo logras? Sin duda es un problema que ...<\/p>\n            <div class=\"nicdark_space20\"><\/div>\n            <a class=\"nicdark_btn nicdark_press nicdark_bg_orange white medium  \" href=\"https:\/\/allamerican.travel\/guatemala\/consejos-para-dormir-en-el-avion\/\">VER M\u00c1S<\/a>\n        <\/div>\n\n      \n    <\/div>\n\n\n\n    <div style=\"box-sizing:border-box;\" class=\"grid grid_12 percentage nicdark_padding10 nicdark_masonry_item  blog  sin-categoria \">\n      \n\n        <div class=\"nicdark_textevidence nicdark_bg_orange\">\n            <h4 class=\"white nicdark_margin20\">CIUDADES M\u00c1S ECON\u00d3MICAS PARA VIAJAR<\/h4>\n        <\/div>\n        <div class=\"nicdark_featured_image\"><img alt=\"\" src=\"https:\/\/allamerican.travel\/guatemala\/wp-content\/uploads\/2019\/12\/ciudades_economicas-01-1024x576.jpg\"><\/div>\n        <div class=\"nicdark_focus nicdark_bg_greydark2\">\n            \n            <div class=\"nicdark_focus nicdark_padding1020 nicdark_sizing nicdark_width_percentage50\">\n                <p class=\"white\"><i class=\"icon-chat\"><\/i> No hay Comentarios<\/p>\n            <\/div>\n        <\/div>\n        <div class=\"nicdark_focus nicdark_border_grey nicdark_sizing nicdark_padding20\">\n            <p>[vc_row][vc_column][vc_empty_space][vc_empty_space height=\u00bb40px\u00bb][\/vc_column][\/vc_row][vc_row][vc_column width=\u00bb2\/3&#8243;][vc_column_text css=\u00bb.vc_custom_1577716647454{padding-top: 20px !important;padding-right: 20px !important;padding-bottom: 20px !important;padding-left: 20px !important;background-color: #f1f1f1 !important;}\u00bb]Cuando decidimos un destino para viajar, adem\u00e1s del costo del boleto a\u00e9reo y alojamiento debemos tomar en cuenta los costos propios del lugar y lo que gastaremos durante nuestra estad\u00eda en el destino. &nbsp; Hay ciudades donde podemos conseguir un boleto a\u00e9reo ...<\/p>\n            <div class=\"nicdark_space20\"><\/div>\n            <a class=\"nicdark_btn nicdark_press nicdark_bg_orange white medium  \" href=\"https:\/\/allamerican.travel\/guatemala\/ciudades-mas-economicas-para-viajar\/\">VER M\u00c1S<\/a>\n        <\/div>\n\n      \n    <\/div>\n\n\n\n    <div style=\"box-sizing:border-box;\" class=\"grid grid_12 percentage nicdark_padding10 nicdark_masonry_item  blog  sin-categoria \">\n      \n\n        <div class=\"nicdark_textevidence nicdark_bg_orange\">\n            <h4 class=\"white nicdark_margin20\">DESTINOS PARA VIAJAR CON NI\u00d1OS<\/h4>\n        <\/div>\n        <div class=\"nicdark_featured_image\"><img alt=\"\" src=\"https:\/\/allamerican.travel\/guatemala\/wp-content\/uploads\/2019\/04\/viajando_con_ni\u00f1os-01-1024x576.jpg\"><\/div>\n        <div class=\"nicdark_focus nicdark_bg_greydark2\">\n            \n            <div class=\"nicdark_focus nicdark_padding1020 nicdark_sizing nicdark_width_percentage50\">\n                <p class=\"white\"><i class=\"icon-chat\"><\/i> No hay Comentarios<\/p>\n            <\/div>\n        <\/div>\n        <div class=\"nicdark_focus nicdark_border_grey nicdark_sizing nicdark_padding20\">\n            <p>[vc_row][vc_column][vc_empty_space][vc_empty_space height=\u00bb40px\u00bb][\/vc_column][\/vc_row][vc_row][vc_column width=\u00bb2\/3&#8243;][vc_column_text css=\u00bb.vc_custom_1555518345873{padding-top: 20px !important;padding-right: 20px !important;padding-bottom: 20px !important;padding-left: 20px !important;background-color: #f1f1f1 !important;}\u00bb]Las vacaciones con ni\u00f1os puede ser un dolor de cabeza en cuanto a pensar donde ir. Debes buscar un lugar que tenga actividades especiales para ellos. &nbsp; En este nuevo v\u00eddeo de Viajando con All American te contamos algunos lugares que puedes ...<\/p>\n            <div class=\"nicdark_space20\"><\/div>\n            <a class=\"nicdark_btn nicdark_press nicdark_bg_orange white medium  \" href=\"https:\/\/allamerican.travel\/guatemala\/destinod-para-viajar-con-ninos\/\">VER M\u00c1S<\/a>\n        <\/div>\n\n      \n    <\/div>\n\n\n\n    <div style=\"box-sizing:border-box;\" class=\"grid grid_12 percentage nicdark_padding10 nicdark_masonry_item  blog  sin-categoria \">\n      \n\n        <div class=\"nicdark_textevidence nicdark_bg_orange\">\n            <h4 class=\"white nicdark_margin20\">DESTINOS PARA SEMANA SANTA &#8211; TOP 5<\/h4>\n        <\/div>\n        <div class=\"nicdark_featured_image\"><img alt=\"\" src=\"https:\/\/allamerican.travel\/guatemala\/wp-content\/uploads\/2019\/04\/destinos_semana_santa-01-1024x576.jpg\"><\/div>\n        <div class=\"nicdark_focus nicdark_bg_greydark2\">\n            \n            <div class=\"nicdark_focus nicdark_padding1020 nicdark_sizing nicdark_width_percentage50\">\n                <p class=\"white\"><i class=\"icon-chat\"><\/i> No hay Comentarios<\/p>\n            <\/div>\n        <\/div>\n        <div class=\"nicdark_focus nicdark_border_grey nicdark_sizing nicdark_padding20\">\n            <p>[vc_row][vc_column][vc_empty_space][vc_empty_space height=\u00bb40px\u00bb][\/vc_column][\/vc_row][vc_row][vc_column width=\u00bb2\/3&#8243;][vc_column_text css=\u00bb.vc_custom_1555517028795{padding-top: 20px !important;padding-right: 20px !important;padding-bottom: 20px !important;padding-left: 20px !important;background-color: #f1f1f1 !important;}\u00bb]Si eres de los que no se decide por cu\u00e1l destino visitar en semana santa o deseas disfrutar en unas vacaciones, en este nuevo v\u00eddeo de Viajando con All American te contamos el top 5 de destinos para vacacionar en este 2019. ...<\/p>\n            <div class=\"nicdark_space20\"><\/div>\n            <a class=\"nicdark_btn nicdark_press nicdark_bg_orange white medium  \" href=\"https:\/\/allamerican.travel\/guatemala\/destinos-para-semana-santa-top-5\/\">VER M\u00c1S<\/a>\n        <\/div>\n\n      \n    <\/div>\n\n\n\n    <div style=\"box-sizing:border-box;\" class=\"grid grid_12 percentage nicdark_padding10 nicdark_masonry_item  blog  sin-categoria \">\n      \n\n        <div class=\"nicdark_textevidence nicdark_bg_orange\">\n            <h4 class=\"white nicdark_margin20\">\u00bfC\u00d3MO SACAR LA VISA MEXICANA?<\/h4>\n        <\/div>\n        <div class=\"nicdark_featured_image\"><img alt=\"\" src=\"https:\/\/allamerican.travel\/guatemala\/wp-content\/uploads\/2019\/04\/visa_mexicana_01-01-1024x576.jpg\"><\/div>\n        <div class=\"nicdark_focus nicdark_bg_greydark2\">\n            \n            <div class=\"nicdark_focus nicdark_padding1020 nicdark_sizing nicdark_width_percentage50\">\n                <p class=\"white\"><i class=\"icon-chat\"><\/i> No hay Comentarios<\/p>\n            <\/div>\n        <\/div>\n        <div class=\"nicdark_focus nicdark_border_grey nicdark_sizing nicdark_padding20\">\n            <p>[vc_row][vc_column][vc_empty_space][vc_empty_space height=\u00bb40px\u00bb][\/vc_column][\/vc_row][vc_row][vc_column width=\u00bb2\/3&#8243;][vc_column_text css=\u00bb.vc_custom_1555514771975{padding-top: 20px !important;padding-right: 20px !important;padding-bottom: 20px !important;padding-left: 20px !important;background-color: #f1f1f1 !important;}\u00bb]En este v\u00eddeo de Viajando con All American te contamos algunos de los requisitos que debes presentar a la embajada. Primero debes hacer tu cita en l\u00ednea. &nbsp; Algunos de los requisitos que necesitas llevan para la visa tur\u00edstica son: Impresi\u00f3n del ...<\/p>\n            <div class=\"nicdark_space20\"><\/div>\n            <a class=\"nicdark_btn nicdark_press nicdark_bg_orange white medium  \" href=\"https:\/\/allamerican.travel\/guatemala\/como-sacar-la-visa-mexicana\/\">VER M\u00c1S<\/a>\n        <\/div>\n\n      \n    <\/div>\n\n\n\n    <div style=\"box-sizing:border-box;\" class=\"grid grid_12 percentage nicdark_padding10 nicdark_masonry_item  blog  sin-categoria \">\n      \n\n        <div class=\"nicdark_textevidence nicdark_bg_orange\">\n            <h4 class=\"white nicdark_margin20\">\u00bfQU\u00c9 HACER SI PIERDO EL VUELO?<\/h4>\n        <\/div>\n        <div class=\"nicdark_featured_image\"><img alt=\"\" src=\"https:\/\/allamerican.travel\/guatemala\/wp-content\/uploads\/2019\/03\/perder_un_vuelo_01-01-1024x576.jpg\"><\/div>\n        <div class=\"nicdark_focus nicdark_bg_greydark2\">\n            \n            <div class=\"nicdark_focus nicdark_padding1020 nicdark_sizing nicdark_width_percentage50\">\n                <p class=\"white\"><i class=\"icon-chat\"><\/i> No hay Comentarios<\/p>\n            <\/div>\n        <\/div>\n        <div class=\"nicdark_focus nicdark_border_grey nicdark_sizing nicdark_padding20\">\n            <p>[vc_row][vc_column][vc_empty_space][vc_empty_space height=\u00bb40px\u00bb][\/vc_column][\/vc_row][vc_row][vc_column width=\u00bb2\/3&#8243;][vc_column_text css=\u00bb.vc_custom_1552663712221{padding-top: 20px !important;padding-right: 20px !important;padding-bottom: 20px !important;padding-left: 20px !important;background-color: #f1f1f1 !important;}\u00bb]Perder un vuelo es m\u00e1s com\u00fan de lo que crees. Por diferentes razones que retracen nuestra llegada al aeropuerto podemos empezar con pie izquierdo nuestro viaje perdi\u00e9ndolo. A\u00fan as\u00ed, es importante conocer qu\u00e9 podemos hacer en estos casos para darle vuelta a ...<\/p>\n            <div class=\"nicdark_space20\"><\/div>\n            <a class=\"nicdark_btn nicdark_press nicdark_bg_orange white medium  \" href=\"https:\/\/allamerican.travel\/guatemala\/que-hacer-si-pierdo-el-vuelo\/\">VER M\u00c1S<\/a>\n        <\/div>\n\n      \n    <\/div>\n\n\n\n    <div style=\"box-sizing:border-box;\" class=\"grid grid_12 percentage nicdark_padding10 nicdark_masonry_item  blog  sin-categoria \">\n      \n\n        <div class=\"nicdark_textevidence nicdark_bg_orange\">\n            <h4 class=\"white nicdark_margin20\">\u00bfPARA QU\u00c9 SIRVE UNA ASISTENCIA DE VIAJES?<\/h4>\n        <\/div>\n        <div class=\"nicdark_featured_image\"><img alt=\"\" src=\"https:\/\/allamerican.travel\/guatemala\/wp-content\/uploads\/2019\/03\/asistencia_de_viajes_02-01-1024x576.jpg\"><\/div>\n        <div class=\"nicdark_focus nicdark_bg_greydark2\">\n            \n            <div class=\"nicdark_focus nicdark_padding1020 nicdark_sizing nicdark_width_percentage50\">\n                <p class=\"white\"><i class=\"icon-chat\"><\/i> No hay Comentarios<\/p>\n            <\/div>\n        <\/div>\n        <div class=\"nicdark_focus nicdark_border_grey nicdark_sizing nicdark_padding20\">\n            <p>[vc_row][vc_column][vc_empty_space][vc_empty_space height=\u00bb40px\u00bb][\/vc_column][\/vc_row][vc_row][vc_column width=\u00bb2\/3&#8243;][vc_column_text css=\u00bb.vc_custom_1552662639507{padding-top: 20px !important;padding-right: 20px !important;padding-bottom: 20px !important;padding-left: 20px !important;background-color: #f1f1f1 !important;}\u00bb]Si eres un viajero prevenido y quieres evitar cualquier imprevisto una asistencia de viajes ser\u00e1 tu mejor aliado. \u00bfNunca has viajado protegido con una asistencia? Ac\u00e1 te daremos razones para hacerlo. &nbsp; Una asistencia de viajes es un documento que te cubre ...<\/p>\n            <div class=\"nicdark_space20\"><\/div>\n            <a class=\"nicdark_btn nicdark_press nicdark_bg_orange white medium  \" href=\"https:\/\/allamerican.travel\/guatemala\/para-que-sirve-una-asistencia-de-viajes\/\">VER M\u00c1S<\/a>\n        <\/div>\n\n      \n    <\/div>\n\n\n\n    <div style=\"box-sizing:border-box;\" class=\"grid grid_12 percentage nicdark_padding10 nicdark_masonry_item  blog  sin-categoria \">\n      \n\n        <div class=\"nicdark_textevidence nicdark_bg_orange\">\n            <h4 class=\"white nicdark_margin20\">\u00bfC\u00d3MO PLANIFICAR TU VIAJE?<\/h4>\n        <\/div>\n        <div class=\"nicdark_featured_image\"><img alt=\"\" src=\"https:\/\/allamerican.travel\/guatemala\/wp-content\/uploads\/2019\/01\/como_planificar_tu_viaje-01-1024x576.jpg\"><\/div>\n        <div class=\"nicdark_focus nicdark_bg_greydark2\">\n            \n            <div class=\"nicdark_focus nicdark_padding1020 nicdark_sizing nicdark_width_percentage50\">\n                <p class=\"white\"><i class=\"icon-chat\"><\/i> No hay Comentarios<\/p>\n            <\/div>\n        <\/div>\n        <div class=\"nicdark_focus nicdark_border_grey nicdark_sizing nicdark_padding20\">\n            <p>[vc_row][vc_column][vc_empty_space][vc_empty_space height=\u00bb40px\u00bb][\/vc_column][\/vc_row][vc_row][vc_column width=\u00bb2\/3&#8243;][vc_column_text css=\u00bb.vc_custom_1548780429137{padding-top: 20px !important;padding-right: 20px !important;padding-bottom: 20px !important;padding-left: 20px !important;background-color: #f1f1f1 !important;}\u00bb]Realizar un viaje requiere de una planificaci\u00f3n que nos ayudar\u00e1 a evitar esos inconvenientes que con una buena organizaci\u00f3n podemos ahorrarnos. En esta edici\u00f3n te presentamos diferentes consejos de c\u00f3mo planificar tu viaje. &nbsp; Con una peque\u00f1a planificaci\u00f3n podemos evitarnos inconvenientes al ...<\/p>\n            <div class=\"nicdark_space20\"><\/div>\n            <a class=\"nicdark_btn nicdark_press nicdark_bg_orange white medium  \" href=\"https:\/\/allamerican.travel\/guatemala\/como-planificar-tu-viaje\/\">VER M\u00c1S<\/a>\n        <\/div>\n\n      \n    <\/div>\n\n\n\n    <div style=\"box-sizing:border-box;\" class=\"grid grid_12 percentage nicdark_padding10 nicdark_masonry_item  blog  sin-categoria \">\n      \n\n        <div class=\"nicdark_textevidence nicdark_bg_orange\">\n            <h4 class=\"white nicdark_margin20\">DESTINOS A CONOCER EN EL 2019 &#8211; TOP 5<\/h4>\n        <\/div>\n        <div class=\"nicdark_featured_image\"><img alt=\"\" src=\"https:\/\/allamerican.travel\/guatemala\/wp-content\/uploads\/2019\/01\/destinos_a_conocer_en_2019-01-1024x576.jpg\"><\/div>\n        <div class=\"nicdark_focus nicdark_bg_greydark2\">\n            \n            <div class=\"nicdark_focus nicdark_padding1020 nicdark_sizing nicdark_width_percentage50\">\n                <p class=\"white\"><i class=\"icon-chat\"><\/i> No hay Comentarios<\/p>\n            <\/div>\n        <\/div>\n        <div class=\"nicdark_focus nicdark_border_grey nicdark_sizing nicdark_padding20\">\n            <p>[vc_row][vc_column][vc_empty_space][vc_empty_space height=\u00bb40px\u00bb][\/vc_column][\/vc_row][vc_row][vc_column width=\u00bb2\/3&#8243;][vc_column_text css=\u00bb.vc_custom_1548775073603{padding-top: 20px !important;padding-right: 20px !important;padding-bottom: 20px !important;padding-left: 20px !important;background-color: #f1f1f1 !important;}\u00bb]\u00a1El 2019 es un a\u00f1o para viajar! Si entre tus prop\u00f3sitos de a\u00f1o nuevo se encuentra viajar y conocer un destino nuevo, en el siguiente video te presentamos el top 05 de destinos que puedes conocer en el 2019. &nbsp; Viajar, \u00a0conocer ...<\/p>\n            <div class=\"nicdark_space20\"><\/div>\n            <a class=\"nicdark_btn nicdark_press nicdark_bg_orange white medium  \" href=\"https:\/\/allamerican.travel\/guatemala\/destinos-a-conocer-en-el-2019-top-5\/\">VER M\u00c1S<\/a>\n        <\/div>\n\n      \n    <\/div>\n\n\n\n    <div style=\"box-sizing:border-box;\" class=\"grid grid_12 percentage nicdark_padding10 nicdark_masonry_item  blog  sin-categoria \">\n      \n\n        <div class=\"nicdark_textevidence nicdark_bg_orange\">\n            <h4 class=\"white nicdark_margin20\">\u00bfQU\u00c9 HACER EN UNA ESCALA LARGA?<\/h4>\n        <\/div>\n        <div class=\"nicdark_featured_image\"><img alt=\"\" src=\"https:\/\/allamerican.travel\/guatemala\/wp-content\/uploads\/2019\/01\/escala_larga-01-1024x576.jpg\"><\/div>\n        <div class=\"nicdark_focus nicdark_bg_greydark2\">\n            \n            <div class=\"nicdark_focus nicdark_padding1020 nicdark_sizing nicdark_width_percentage50\">\n                <p class=\"white\"><i class=\"icon-chat\"><\/i> No hay Comentarios<\/p>\n            <\/div>\n        <\/div>\n        <div class=\"nicdark_focus nicdark_border_grey nicdark_sizing nicdark_padding20\">\n            <p>[vc_row][vc_column][vc_empty_space][vc_empty_space height=\u00bb40px\u00bb][\/vc_column][\/vc_row][vc_row][vc_column width=\u00bb2\/3&#8243;][vc_column_text css=\u00bb.vc_custom_1548713559532{padding-top: 20px !important;padding-right: 20px !important;padding-bottom: 20px !important;padding-left: 20px !important;background-color: #f1f1f1 !important;}\u00bb]En muchas ocasiones, ya sea por ser la opci\u00f3n m\u00e1s econ\u00f3mica o por ser la \u00fanica, nos toca realizar un viaje con una escala larga, incluso, podemos pasar la noche en el aeropuerto esperando nuestro siguiente vuelo. En esta edici\u00f3n de \u201cViajando ...<\/p>\n            <div class=\"nicdark_space20\"><\/div>\n            <a class=\"nicdark_btn nicdark_press nicdark_bg_orange white medium  \" href=\"https:\/\/allamerican.travel\/guatemala\/que-hacer-en-una-escala-larga\/\">VER M\u00c1S<\/a>\n        <\/div>\n\n      \n    <\/div>\n\n<\/div>[\/vc_column][vc_column width=\u00bb1\/3&#8243;][vc_empty_space height=\u00bb30px\u00bb][vc_row_inner css=\u00bb.vc_custom_1519744930803{background-color: #4a515b !important;}\u00bb][vc_column_inner]<div role=\"form\" class=\"wpcf7\" id=\"wpcf7-f762-o1\" lang=\"en-US\" dir=\"ltr\">\n<div class=\"screen-reader-response\"><p role=\"status\" aria-live=\"polite\" aria-atomic=\"true\"><\/p> <ul><\/ul><\/div>\n<form action=\"\/guatemala\/wp-json\/wp\/v2\/pages\/4547#wpcf7-f762-o1\" method=\"post\" class=\"wpcf7-form init\" novalidate=\"novalidate\" data-status=\"init\">\n<div style=\"display: none;\">\n<input type=\"hidden\" name=\"_wpcf7\" value=\"762\" \/>\n<input type=\"hidden\" name=\"_wpcf7_version\" value=\"5.5.6.1\" \/>\n<input type=\"hidden\" name=\"_wpcf7_locale\" value=\"en_US\" \/>\n<input type=\"hidden\" name=\"_wpcf7_unit_tag\" value=\"wpcf7-f762-o1\" \/>\n<input type=\"hidden\" name=\"_wpcf7_container_post\" value=\"0\" \/>\n<input type=\"hidden\" name=\"_wpcf7_posted_data_hash\" value=\"\" \/>\n<\/div>\n<p><span class=\"wpcf7-form-control-wrap text-909\"><input type=\"text\" name=\"text-909\" value=\"\" size=\"40\" class=\"wpcf7-form-control wpcf7-text wpcf7-validates-as-required nicdark_border_grey\" aria-required=\"true\" aria-invalid=\"false\" placeholder=\"Nombre\" \/><\/span><br \/>\n<span class=\"wpcf7-form-control-wrap your-email\"><input type=\"email\" name=\"your-email\" value=\"\" size=\"40\" class=\"wpcf7-form-control wpcf7-text wpcf7-email wpcf7-validates-as-required wpcf7-validates-as-email nicdark_border_grey\" aria-required=\"true\" aria-invalid=\"false\" placeholder=\"Email\" \/><\/span><br \/>\n<span class=\"wpcf7-form-control-wrap tel-276\"><input type=\"tel\" name=\"tel-276\" value=\"\" size=\"40\" class=\"wpcf7-form-control wpcf7-text wpcf7-tel wpcf7-validates-as-required wpcf7-validates-as-tel nicdark_border_gey\" id=\"telcontact\" aria-required=\"true\" aria-invalid=\"false\" placeholder=\"Tel\u00e9fono\" \/><\/span><br \/>\n<span class=\"wpcf7-form-control-wrap textarea-831\"><textarea name=\"textarea-831\" cols=\"40\" rows=\"4\" class=\"wpcf7-form-control wpcf7-textarea nicdark_border_grey\" aria-invalid=\"false\" placeholder=\"Mensaje\"><\/textarea><\/span><br \/>\n<input type=\"submit\" value=\"ENVIAR\" class=\"wpcf7-form-control has-spinner wpcf7-submit nicdark_bg_green envform\" \/><\/p>\n<p><script> $(\".envform\").click(function(){return $(\"input[name=text-909]\").val().length<1?(swal({title:\"Error\",text:\"Debes ingresar tu nombre\",showConfirmButton:!0,type:\"error\"}),!1):$(\"input[name=your-email]\").val().length<1?(swal({title:\"Error\",text:\"Debes ingresar tu email\",showConfirmButton:!0,type:\"error\"}),!1):$(\"input[name=tel-276]\").val().length<1?(swal({title:\"Error\",text:\"Debes ingresar tu telefono\",showConfirmButton:!0,type:\"error\"}),!1):$(\"textarea[name=textarea-831]\").val().length<1?(swal({title:\"Error\",text:\"Debes ingresar tu mensaje\",showConfirmButton:!0,type:\"error\"}),!1):void swal({title:\"Mensaje Enviado\",text:\"Tu mensaje ha sido enviada, pronto nos pondremos en contacto contigo.\",showConfirmButton:!0,type:\"success\"})}); <\/script><\/p>\n<div class=\"wpcf7-response-output\" aria-hidden=\"true\"><\/div><\/form><\/div>[\/vc_column_inner][\/vc_row_inner][\/vc_column][\/vc_row][vc_row][vc_column][vc_empty_space][\/vc_column][\/vc_row]<\/p>\n","protected":false},"excerpt":{"rendered":"<p>[vc_row][vc_column width=\u00bb2\/3&#8243;][vc_empty_space height=\u00bb20px\u00bb][\/vc_column][vc_column width=\u00bb1\/3&#8243;][vc_empty_space height=\u00bb30px\u00bb][vc_row_inner css=\u00bb.vc_custom_1519744930803{background-color: #4a515b !important;}\u00bb][vc_column_inner][\/vc_column_inner][\/vc_row_inner][\/vc_column][\/vc_row][vc_row][vc_column][vc_empty_space][\/vc_column][\/vc_row]<\/p>\n","protected":false},"author":1,"featured_media":0,"parent":0,"menu_order":0,"comment_status":"closed","ping_status":"closed","template":"","meta":[],"_links":{"self":[{"href":"https:\/\/allamerican.travel\/guatemala\/wp-json\/wp\/v2\/pages\/4547"}],"collection":[{"href":"https:\/\/allamerican.travel\/guatemala\/wp-json\/wp\/v2\/pages"}],"about":[{"href":"https:\/\/allamerican.travel\/guatemala\/wp-json\/wp\/v2\/types\/page"}],"author":[{"embeddable":true,"href":"https:\/\/allamerican.travel\/guatemala\/wp-json\/wp\/v2\/users\/1"}],"replies":[{"embeddable":true,"href":"https:\/\/allamerican.travel\/guatemala\/wp-json\/wp\/v2\/comments?post=4547"}],"version-history":[{"count":11,"href":"https:\/\/allamerican.travel\/guatemala\/wp-json\/wp\/v2\/pages\/4547\/revisions"}],"predecessor-version":[{"id":4894,"href":"https:\/\/allamerican.travel\/guatemala\/wp-json\/wp\/v2\/pages\/4547\/revisions\/4894"}],"wp:attachment":[{"href":"https:\/\/allamerican.travel\/guatemala\/wp-json\/wp\/v2\/media?parent=4547"}],"curies":[{"name":"wp","href":"https:\/\/api.w.org\/{rel}","templated":true}]}}