{"id":2941,"date":"2018-02-12T19:38:26","date_gmt":"2018-02-12T19:38:26","guid":{"rendered":"http:\/\/allamerican.travel\/honduras\/allamerican\/?page_id=2941"},"modified":"2018-12-19T08:38:27","modified_gmt":"2018-12-19T14:38:27","slug":"sucursales","status":"publish","type":"page","link":"https:\/\/allamerican.travel\/honduras\/sucursales\/","title":{"rendered":"SUCURSALES"},"content":{"rendered":"<p>[vc_row][vc_column][vc_column_text]<\/p>\n<div id=\"mapa\"><\/div>\n<p>[\/vc_column_text][\/vc_column][\/vc_row][vc_row][vc_column][vc_empty_space][\/vc_column][\/vc_row][vc_row][vc_column][vc_tta_tour][vc_tta_section i_icon_fontawesome=\u00bbfa fa-building\u00bb title=\u00bbMaquilishuat\u00bb tab_id=\u00bb1441873848705-137dadc4-4794f56c-a524&#8243; add_icon=\u00bbtrue\u00bb][vc_row_inner][vc_column_inner][vc_single_image image=\u00bb3104&#8243; img_size=\u00bblarge\u00bb alignment=\u00bbcenter\u00bb style=\u00bbvc_box_border\u00bb][vc_column_text]<\/p>\n<h4><span style=\"color: #003300;\"><strong>\u00a0<\/strong><\/span><\/h4>\n<hr \/>\n<h4><span style=\"color: #003300;\"><strong><i class=\"icon-location-1\"><\/i> Direcci\u00f3n: Av. Jerusal\u00e9n #3, entre calle Maquilishuat y Calle La Mascota, Urb. Maquilishuat.<\/strong><\/span><\/h4>\n<hr \/>\n<p><span style=\"color: #003300;\"><strong> <i class=\" icon-phone\"><\/i> Tel\u00e9fono: 2522-3000<\/strong><\/span>[\/vc_column_text][\/vc_column_inner][\/vc_row_inner][\/vc_tta_section][vc_tta_section i_icon_fontawesome=\u00bbfa fa-building\u00bb title=\u00bbVillas Espa\u00f1olas\u00bb tab_id=\u00bb1518560903252-d2cf2db5-69b4&#8243; add_icon=\u00bbtrue\u00bb][vc_row_inner][vc_column_inner][vc_single_image image=\u00bb3114&#8243; img_size=\u00bblarge\u00bb alignment=\u00bbcenter\u00bb style=\u00bbvc_box_border\u00bb][vc_column_text]<\/p>\n<h4><span style=\"color: #003300;\"><strong>\u00a0<\/strong><\/span><\/h4>\n<hr \/>\n<h4><span style=\"color: #003300;\"><strong><i class=\"icon-location-1\"><\/i> Direcci\u00f3n: C.C. Villas Espa\u00f1olas, Local B1 y B7, Paseo General Escal\u00f3n, San Salvador CP 1101.<\/strong><\/span><\/h4>\n<hr \/>\n<p><span style=\"color: #003300;\"><strong> <i class=\" icon-phone\"><\/i> Tel\u00e9fono: 2236-6000<\/strong><\/span><\/p>\n<p>[\/vc_column_text][\/vc_column_inner][\/vc_row_inner][\/vc_tta_section][vc_tta_section i_icon_fontawesome=\u00bbfa fa-building\u00bb title=\u00bbLa Mascota\u00bb tab_id=\u00bb1538838239578-455ebf7e-045f\u00bb add_icon=\u00bbtrue\u00bb][vc_single_image image=\u00bb5328&#8243; img_size=\u00bblarge\u00bb alignment=\u00bbcenter\u00bb][vc_column_text]<\/p>\n<hr \/>\n<h4><span style=\"color: #003300;\"><strong><i class=\"icon-location-1\"><\/i> Direcci\u00f3n: Calle Manuel Enrique Araujo y Calle La Mascota, Centro Comercial La Mascota, local #1, San Salvador.\u00a0\u00a0<\/strong><\/span><\/h4>\n<hr \/>\n<p><span style=\"color: #003300;\"><strong> <i class=\" icon-phone\"><\/i> Tel\u00e9fono: 2528-9000<\/strong><\/span>[\/vc_column_text][\/vc_tta_section][vc_tta_section i_icon_fontawesome=\u00bbfa fa-building\u00bb title=\u00bbLa Centroamericana\u00bb tab_id=\u00bb1538840013825-05e3ee5f-7394&#8243; add_icon=\u00bbtrue\u00bb][vc_single_image image=\u00bb5332&#8243; img_size=\u00bblarge\u00bb alignment=\u00bbcenter\u00bb][vc_column_text]<\/p>\n<hr \/>\n<h4><span style=\"color: #003300;\"><strong><i class=\"icon-location-1\"><\/i> Direcci\u00f3n:\u00a0Avenida Roosevelt, Edificio Mapfre La Centroamericana, Local #104. San Salvador<\/strong><\/span><\/h4>\n<hr \/>\n<p><span style=\"color: #003300;\"><strong> <i class=\" icon-phone\"><\/i> Tel\u00e9fono: 2523-3100<\/strong><\/span>[\/vc_column_text][\/vc_tta_section][vc_tta_section i_icon_fontawesome=\u00bbfa fa-building\u00bb title=\u00bbSonsonate\u00bb tab_id=\u00bb1518560902526-04cd97b7-f574&#8243; add_icon=\u00bbtrue\u00bb][vc_row_inner][vc_column_inner][vc_single_image image=\u00bb3107&#8243; img_size=\u00bb900&#215;700&#8243; alignment=\u00bbcenter\u00bb style=\u00bbvc_box_border\u00bb][vc_column_text]<\/p>\n<h4><span style=\"color: #003300;\"><strong>\u00a0<\/strong><\/span><\/h4>\n<hr \/>\n<h4><span style=\"color: #003300;\"><strong><i class=\"icon-location-1\"><\/i> Direcci\u00f3n: 3\u00b0 Calle Alberto Masferrer Oriente #1-5 Sonsonate, Sonsonate CP 2301.<\/strong><\/span><\/h4>\n<hr \/>\n<p><span style=\"color: #003300;\"><strong> <i class=\" icon-phone\"><\/i> Tel\u00e9fono: 2528-9040<\/strong><\/span><\/p>\n<p>[\/vc_column_text][\/vc_column_inner][\/vc_row_inner][\/vc_tta_section][vc_tta_section i_icon_fontawesome=\u00bbfa fa-building\u00bb title=\u00bbSanta Ana\u00bb tab_id=\u00bb1518560902948-a2319bbd-7b1e\u00bb add_icon=\u00bbtrue\u00bb][vc_row_inner][vc_column_inner][vc_single_image image=\u00bb3108&#8243; img_size=\u00bblarge\u00bb alignment=\u00bbcenter\u00bb style=\u00bbvc_box_border\u00bb][vc_column_text]<\/p>\n<h4><span style=\"color: #003300;\"><strong>\u00a0<\/strong><\/span><\/h4>\n<hr \/>\n<h4><span style=\"color: #003300;\"><strong><i class=\"icon-location-1\"><\/i> Direcci\u00f3n:2\u00b0 Avenida Sur, Entre Calle Libertad y 1\u00b0 calle Poniente, Santa Ana CP 2201.<\/strong><\/span><\/h4>\n<hr \/>\n<p><span style=\"color: #003300;\"><strong> <i class=\" icon-phone\"><\/i> Tel\u00e9fono: 2487-2500<\/strong><\/span><\/p>\n<p>[\/vc_column_text][\/vc_column_inner][\/vc_row_inner][\/vc_tta_section][vc_tta_section i_icon_fontawesome=\u00bbfa fa-building\u00bb title=\u00bbMetap\u00e1n\u00bb tab_id=\u00bb1518560902164-fdad0ddd-79d6&#8243; add_icon=\u00bbtrue\u00bb][vc_row_inner][vc_column_inner][vc_single_image image=\u00bb3106&#8243; img_size=\u00bb500&#215;700&#8243; alignment=\u00bbcenter\u00bb style=\u00bbvc_box_border\u00bb][vc_column_text]<\/p>\n<h4><span style=\"color: #003300;\"><strong>\u00a0<\/strong><\/span><\/h4>\n<hr \/>\n<h4><span style=\"color: #003300;\"><strong><i class=\"icon-location-1\"><\/i> Direcci\u00f3n: Av. Isidro Menendez, entre 1a y 3a Calle Ote, Local #10 Metapan, Metap\u00e1n CP 2201.<\/strong><\/span><\/h4>\n<hr \/>\n<p><span style=\"color: #003300;\"><strong> <i class=\" icon-phone\"><\/i> Tel\u00e9fono: 2528-9070<\/strong><\/span><\/p>\n<p>[\/vc_column_text][\/vc_column_inner][\/vc_row_inner][\/vc_tta_section][vc_tta_section i_icon_fontawesome=\u00bbfa fa-building\u00bb title=\u00bbChalatenango\u00bb tab_id=\u00bb1518560899950-4557c40d-2796&#8243; add_icon=\u00bbtrue\u00bb][vc_row_inner][vc_column_inner][vc_single_image image=\u00bb3117&#8243; img_size=\u00bblarge\u00bb alignment=\u00bbcenter\u00bb style=\u00bbvc_box_border\u00bb][vc_empty_space][vc_column_text]<\/p>\n<h4><span style=\"color: #003300;\"><strong>\u00a0<\/strong><\/span><\/h4>\n<hr \/>\n<h4><span style=\"color: #003300;\"><strong><i class=\"icon-location-1\"><\/i> Direcci\u00f3n: 4\u00b0 calle poniente, casa #1. Chalatenango, Chalatenango CP 1301.<\/strong><\/span><\/h4>\n<hr \/>\n<p><span style=\"color: #003300;\"><strong> <i class=\" icon-phone\"><\/i> Tel\u00e9fono: 2528-9030<\/strong><\/span><\/p>\n<p>[\/vc_column_text][\/vc_column_inner][\/vc_row_inner][\/vc_tta_section][vc_tta_section i_icon_fontawesome=\u00bbfa fa-building\u00bb title=\u00bbSensuntepeque\u00bb tab_id=\u00bb1518560900697-d349ff88-238e\u00bb add_icon=\u00bbtrue\u00bb][vc_row_inner][vc_column_inner][vc_single_image image=\u00bb5498&#8243; img_size=\u00bblarge\u00bb alignment=\u00bbcenter\u00bb style=\u00bbvc_box_border\u00bb][vc_column_text]<\/p>\n<h4><span style=\"color: #003300;\"><strong>\u00a0<\/strong><\/span><\/h4>\n<hr \/>\n<h4><span style=\"color: #003300;\"><strong><i class=\"icon-location-1\"><\/i> Direcci\u00f3n: 1\u00b0 Calle Oriente y 2\u00b0 AV. Norte, #11, Sensuntepeque CP 1201.<\/strong><\/span><\/h4>\n<hr \/>\n<p><span style=\"color: #003300;\"><strong> <i class=\" icon-phone\"><\/i> Tel\u00e9fono: 2528-9060<\/strong><\/span><\/p>\n<p>[\/vc_column_text][\/vc_column_inner][\/vc_row_inner][\/vc_tta_section][vc_tta_section i_icon_fontawesome=\u00bbfa fa-building\u00bb title=\u00bbIlobasco\u00bb tab_id=\u00bb1523398172099-6e69e5d6-cbcc\u00bb add_icon=\u00bbtrue\u00bb][vc_single_image image=\u00bb4760&#8243; img_size=\u00bblarge\u00bb alignment=\u00bbcenter\u00bb style=\u00bbvc_box_border\u00bb][vc_column_text]<\/p>\n<hr \/>\n<h4><span style=\"color: #003300;\"><strong><i class=\"icon-location-1\"><\/i> Direcci\u00f3n:\u00a0Avenida Carlos Bonilla #3, Barrio San Sebasti\u00e1n, contiguo al Parque Central, Ilobasco.\u00a0<\/strong><\/span><\/h4>\n<hr \/>\n<p><span style=\"color: #003300;\"><strong> <i class=\" icon-phone\"><\/i> Tel\u00e9fono: 2236-6070<\/strong><\/span>[\/vc_column_text][\/vc_tta_section][vc_tta_section i_icon_fontawesome=\u00bbfa fa-building\u00bb title=\u00bbCojutepeque\u00bb tab_id=\u00bb1518560901836-3810f457-dcc7&#8243; add_icon=\u00bbtrue\u00bb][vc_row_inner][vc_column_inner][vc_single_image image=\u00bb3105&#8243; img_size=\u00bblarge\u00bb alignment=\u00bbcenter\u00bb style=\u00bbvc_box_border\u00bb][vc_column_text]<\/p>\n<h4><span style=\"color: #003300;\"><strong>\u00a0<\/strong><\/span><\/h4>\n<hr \/>\n<h4><span style=\"color: #003300;\"><strong><i class=\"icon-location-1\"><\/i> Direcci\u00f3n: Calle Jos\u00e9 Francisco L\u00f3pez y 4\u00b0 Avenida Norte No.5, Cojutepeque, Cojutepeque CP 1401.<\/strong><\/span><\/h4>\n<hr \/>\n<p><span style=\"color: #003300;\"><strong> <i class=\" icon-phone\"><\/i> Tel\u00e9fono: 2236-6060<\/strong><\/span>[\/vc_column_text][\/vc_column_inner][\/vc_row_inner][\/vc_tta_section][vc_tta_section i_icon_fontawesome=\u00bbfa fa-building\u00bb title=\u00bbZacatecoluca\u00bb tab_id=\u00bb1518560901468-e93f5903-ec9b\u00bb add_icon=\u00bbtrue\u00bb][vc_row_inner][vc_column_inner][vc_single_image image=\u00bb3102&#8243; img_size=\u00bblarge\u00bb alignment=\u00bbcenter\u00bb style=\u00bbvc_box_border\u00bb][vc_column_text]<\/p>\n<h4><span style=\"color: #003300;\"><strong>\u00a0<\/strong><\/span><\/h4>\n<hr \/>\n<h5><span style=\"color: #003300;\"><strong><i class=\"icon-location-1\"><\/i> Direcci\u00f3n:Avenida Jos\u00e9 Sime\u00f3n Ca\u00f1as y 4a. calle poniente # 12, Centro Comercial Argoz Loca, Zacatecoluca CP 1601.<\/strong><\/span><\/h5>\n<hr \/>\n<p><span style=\"color: #003300;\"><strong> <i class=\" icon-phone\"><\/i> Tel\u00e9fono: 2236-6040<\/strong><\/span><\/p>\n<p>[\/vc_column_text][\/vc_column_inner][\/vc_row_inner][\/vc_tta_section][vc_tta_section i_icon_fontawesome=\u00bbfa fa-building\u00bb title=\u00bbSan Vicente\u00bb tab_id=\u00bb1518560901105-0d1bc874-86a2&#8243; add_icon=\u00bbtrue\u00bb][vc_row_inner][vc_column_inner][vc_single_image image=\u00bb3115&#8243; img_size=\u00bb500&#215;600&#8243; alignment=\u00bbcenter\u00bb style=\u00bbvc_box_border\u00bb][vc_column_text]<\/p>\n<h4><span style=\"color: #003300;\"><strong>\u00a0<\/strong><\/span><\/h4>\n<hr \/>\n<h4><span style=\"color: #003300;\"><strong><i class=\"icon-location-1\"><\/i> Direcci\u00f3n: 2a. Avenida Sur, Calle 1\u00b0 de Julio, Local 2-C, San Vicente, San Vicente CP 1701.<\/strong><\/span><\/h4>\n<hr \/>\n<p><span style=\"color: #003300;\"><strong> <i class=\" icon-phone\"><\/i> Tel\u00e9fono: 2236-6050<\/strong><\/span><\/p>\n<p>[\/vc_column_text][\/vc_column_inner][\/vc_row_inner][\/vc_tta_section][vc_tta_section i_icon_fontawesome=\u00bbfa fa-building\u00bb title=\u00bbUsulut\u00e1n\u00bb tab_id=\u00bb1518560896649-573bf3c5-a985&#8243; add_icon=\u00bbtrue\u00bb][vc_row_inner][vc_column_inner][vc_single_image image=\u00bb3122&#8243; img_size=\u00bb800&#215;700&#8243; alignment=\u00bbcenter\u00bb style=\u00bbvc_box_border\u00bb][vc_column_text]<\/p>\n<h4><span style=\"color: #003300;\"><strong>\u00a0<\/strong><\/span><\/h4>\n<hr \/>\n<h4><span style=\"color: #003300;\"><strong><i class=\"icon-location-1\"><\/i> Direcci\u00f3n: 2a. calle oriente # 15, Local 2, media cuadra al oriente del Parque Municipal,, Usulut\u00e1n CP 3401.<\/strong><\/span><\/h4>\n<hr \/>\n<p><span style=\"color: #003300;\"><strong> <i class=\" icon-phone\"><\/i> Tel\u00e9fono: 2620-8560<\/strong><\/span><\/p>\n<p>[\/vc_column_text][\/vc_column_inner][\/vc_row_inner][\/vc_tta_section][vc_tta_section i_icon_fontawesome=\u00bbfa fa-building\u00bb title=\u00bbSan Miguel\u00bb tab_id=\u00bb1518560899584-88844166-caae\u00bb add_icon=\u00bbtrue\u00bb][vc_row_inner][vc_column_inner][vc_single_image image=\u00bb3118&#8243; img_size=\u00bblarge\u00bb alignment=\u00bbcenter\u00bb style=\u00bbvc_box_border\u00bb][vc_column_text]<\/p>\n<h4><span style=\"color: #003300;\"><strong>\u00a0<\/strong><\/span><\/h4>\n<hr \/>\n<h4><span style=\"color: #003300;\"><strong><i class=\"icon-location-1\"><\/i> Direcci\u00f3n: Residencial Sevilla, Pol\u00edgono A, #9, 30 Av. sur, San Miguel CP 3301.<\/strong><\/span><\/h4>\n<hr \/>\n<p><span style=\"color: #003300;\"><strong> <i class=\" icon-phone\"><\/i> Tel\u00e9fono: 2620-8500<\/strong><\/span><\/p>\n<p>[\/vc_column_text][\/vc_column_inner][\/vc_row_inner][\/vc_tta_section][vc_tta_section i_icon_fontawesome=\u00bbfa fa-building\u00bb title=\u00bbCiudad Barrios\u00bb tab_id=\u00bb1518560899236-804c1af7-d3cb\u00bb add_icon=\u00bbtrue\u00bb][vc_row_inner][vc_column_inner][vc_single_image image=\u00bb3119&#8243; img_size=\u00bb700&#215;700&#8243; alignment=\u00bbcenter\u00bb style=\u00bbvc_box_border\u00bb][vc_column_text]<\/p>\n<h4><span style=\"color: #003300;\"><strong>\u00a0<\/strong><\/span><\/h4>\n<hr \/>\n<h4><span style=\"color: #003300;\"><strong><i class=\"icon-location-1\"><\/i> Direcci\u00f3n: Avenida Gerardo Barrios, Barrio El Centro, Ciudad Barrios, Cd Barrios CP 3301.<\/strong><\/span><\/h4>\n<hr \/>\n<p><span style=\"color: #003300;\"><strong> <i class=\" icon-phone\"><\/i> Tel\u00e9fono: 2620-8520<\/strong><\/span><\/p>\n<p>[\/vc_column_text][\/vc_column_inner][\/vc_row_inner][\/vc_tta_section][vc_tta_section i_icon_fontawesome=\u00bbfa fa-building\u00bb title=\u00bbGotera\u00bb tab_id=\u00bb1441873848772-340367cb-2989f56c-a524&#8243; add_icon=\u00bbtrue\u00bb][vc_row_inner][vc_column_inner][vc_single_image image=\u00bb3123&#8243; img_size=\u00bblarge\u00bb alignment=\u00bbcenter\u00bb style=\u00bbvc_box_border\u00bb][vc_column_text]<\/p>\n<h4><span style=\"color: #003300;\"><strong>\u00a0<\/strong><\/span><\/h4>\n<hr \/>\n<h4><span style=\"color: #003300;\"><strong><i class=\"icon-location-1\"><\/i> Direcci\u00f3n: Avenida Norberto Cruz # 2, Barrio El Centro, San Francisco Gotera, San Francisco Gotera CP 3201.<\/strong><\/span><\/h4>\n<hr \/>\n<p><span style=\"color: #003300;\"><strong> <i class=\" icon-phone\"><\/i> Tel\u00e9fono: 2620-8550<\/strong><\/span><\/p>\n<p>[\/vc_column_text][\/vc_column_inner][\/vc_row_inner][\/vc_tta_section][vc_tta_section i_icon_fontawesome=\u00bbfa fa-building\u00bb title=\u00bbSta. Rosa de Lima\u00bb tab_id=\u00bb1518560898560-5e1411d1-d0cd\u00bb add_icon=\u00bbtrue\u00bb][vc_row_inner][vc_column_inner][vc_single_image image=\u00bb3121&#8243; img_size=\u00bblarge\u00bb alignment=\u00bbcenter\u00bb style=\u00bbvc_box_border\u00bb][vc_column_text]<\/p>\n<h4><span style=\"color: #003300;\"><strong>\u00a0<\/strong><\/span><\/h4>\n<hr \/>\n<h4><span style=\"color: #003300;\"><strong><i class=\"icon-location-1\"><\/i> Direcci\u00f3n: 1 calle poniente y 1 Av. Sur, Barrio El Centro Santa Rosa de Lima, Frente a Port\u00f3n de Super Selectos Centro, Santa Rosa de Lima CP 3101.<\/strong><\/span><\/h4>\n<hr \/>\n<p><span style=\"color: #003300;\"><strong> <i class=\" icon-phone\"><\/i> Tel\u00e9fono: 2620-8540<\/strong><\/span><\/p>\n<p>[\/vc_column_text][\/vc_column_inner][\/vc_row_inner][\/vc_tta_section][vc_tta_section i_icon_fontawesome=\u00bbfa fa-building\u00bb title=\u00bbLa Uni\u00f3n\u00bb tab_id=\u00bb1518560898907-6f1f11a2-9ef2&#8243; add_icon=\u00bbtrue\u00bb][vc_row_inner][vc_column_inner][vc_single_image image=\u00bb3120&#8243; img_size=\u00bblarge\u00bb alignment=\u00bbcenter\u00bb style=\u00bbvc_box_border\u00bb][vc_column_text]<\/p>\n<h4><span style=\"color: #003300;\"><strong>\u00a0<\/strong><\/span><\/h4>\n<hr \/>\n<h4><span style=\"color: #003300;\"><strong><i class=\"icon-location-1\"><\/i> Direcci\u00f3n: 3a Calle Oriente # 1-2, Barrio El Centro, Contiguo Cajero Scotiabank, La Uni\u00f3n CP 3101.<\/strong><\/span><\/h4>\n<hr \/>\n<p><span style=\"color: #003300;\"><strong> <i class=\" icon-phone\"><\/i> Tel\u00e9fono: 2620-8530<\/strong><\/span><\/p>\n<p>[\/vc_column_text][\/vc_column_inner][\/vc_row_inner][\/vc_tta_section][\/vc_tta_tour][\/vc_column][\/vc_row]<\/p>\n","protected":false},"excerpt":{"rendered":"<p>[vc_row][vc_column][vc_column_text] [\/vc_column_text][\/vc_column][\/vc_row][vc_row][vc_column][vc_empty_space][\/vc_column][\/vc_row][vc_row][vc_column][vc_tta_tour][vc_tta_section i_icon_fontawesome=\u00bbfa fa-building\u00bb title=\u00bbMaquilishuat\u00bb tab_id=\u00bb1441873848705-137dadc4-4794f56c-a524&#8243; add_icon=\u00bbtrue\u00bb][vc_row_inner][vc_column_inner][vc_single_image image=\u00bb3104&#8243; img_size=\u00bblarge\u00bb alignment=\u00bbcenter\u00bb style=\u00bbvc_box_border\u00bb][vc_column_text] \u00a0 Direcci\u00f3n: Av. Jerusal\u00e9n #3, entre calle Maquilishuat y Calle La Mascota, Urb. Maquilishuat. Tel\u00e9fono: 2522-3000[\/vc_column_text][\/vc_column_inner][\/vc_row_inner][\/vc_tta_section][vc_tta_section i_icon_fontawesome=\u00bbfa fa-building\u00bb title=\u00bbVillas Espa\u00f1olas\u00bb tab_id=\u00bb1518560903252-d2cf2db5-69b4&#8243; add_icon=\u00bbtrue\u00bb][vc_row_inner][vc_column_inner][vc_single_image image=\u00bb3114&#8243; img_size=\u00bblarge\u00bb alignment=\u00bbcenter\u00bb style=\u00bbvc_box_border\u00bb][vc_column_text] \u00a0 Direcci\u00f3n: C.C. Villas Espa\u00f1olas, Local B1 y B7, Paseo General Escal\u00f3n, San Salvador CP 1101. Tel\u00e9fono: 2236-6000 &#8230;<\/p>\n","protected":false},"author":1,"featured_media":0,"parent":0,"menu_order":0,"comment_status":"closed","ping_status":"closed","template":"","meta":[],"_links":{"self":[{"href":"https:\/\/allamerican.travel\/honduras\/wp-json\/wp\/v2\/pages\/2941"}],"collection":[{"href":"https:\/\/allamerican.travel\/honduras\/wp-json\/wp\/v2\/pages"}],"about":[{"href":"https:\/\/allamerican.travel\/honduras\/wp-json\/wp\/v2\/types\/page"}],"author":[{"embeddable":true,"href":"https:\/\/allamerican.travel\/honduras\/wp-json\/wp\/v2\/users\/1"}],"replies":[{"embeddable":true,"href":"https:\/\/allamerican.travel\/honduras\/wp-json\/wp\/v2\/comments?post=2941"}],"version-history":[{"count":27,"href":"https:\/\/allamerican.travel\/honduras\/wp-json\/wp\/v2\/pages\/2941\/revisions"}],"predecessor-version":[{"id":5499,"href":"https:\/\/allamerican.travel\/honduras\/wp-json\/wp\/v2\/pages\/2941\/revisions\/5499"}],"wp:attachment":[{"href":"https:\/\/allamerican.travel\/honduras\/wp-json\/wp\/v2\/media?parent=2941"}],"curies":[{"name":"wp","href":"https:\/\/api.w.org\/{rel}","templated":true}]}}